) = 4268*k - 9385. Determine s(2).
-849
Let x(z) = -31727*z - 158645. Determine x(-5).
-10
Let l(c) = c**3 - 14*c**2 - 3290*c + 42942. Calculate l(13).
3
Let t(h) = h**3 + 10619*h**2 + 95490*h - 34. Determine t(-9).
-34
Let m(n) = -109154*n - 654680. Give m(-6).
244
Let w(t) = 276152*t + 3037678. Calculate w(-11).
6
Let t(r) = -17*r**3 + 30*r**2 - 27*r - 89. Give t(-3).
721
Let n(t) = -t**3 + 10*t**2 - 115*t + 1204. Calculate n(10).
54
Let x(i) = i**3 + 736*i**2 - 39344*i - 34691. Give x(-786).
-107
Let l(g) = g**3 + 39*g**2 - 1431*g - 276. Determine l(-62).
34
Let g(o) = -232*o + 30939. Give g(134).
-149
Let m(d) = 683*d + 327867. Calculate m(-480).
27
Let y(q) = 4981*q - 936546. Give y(188).
-118
Let o(r) = r**2 + 282*r + 19885. What is o(-137)?
20
Let t(f) = -59*f + 5148. What is t(92)?
-280
Let n(s) = -47956*s - 288855. What is n(-6)?
-1119
Let p(w) = -68918*w - 275661. What is p(-4)?
11
Let q(r) = 4*r**3 + 129*r**2 - 869*r - 227. Give q(6).
67
Let s(j) = -8*j**2 - 142*j - 33. Give s(-15).
297
Let c(w) = -w**3 - 62*w**2 - 355*w - 3991. Give c(-57).
-1
Let s(z) = -23352*z + 140117. Calculate s(6).
5
Let t(n) = -3695*n + 158927. Calculate t(43).
42
Let q(g) = -g**3 + 510*g**2 + 1181*g + 183672. What is q(513)?
18
Let w(b) = -58206*b - 465620. Determine w(-8).
28
Let l(a) = 3*a**3 - 95*a**2 - 6*a - 204. Calculate l(32).
628
Let n(i) = -497522*i - 107962276. What is n(-217)?
-2
Let x(c) = 10*c**2 - 82*c - 166. Calculate x(8).
-182
Let c(w) = -w**3 + 195*w**2 - 756*w + 87. Determine c(191).
1615
Let u(t) = -336*t - 64674. Give u(-193).
174
Let v(z) = -3*z**2 + 3001*z - 90330. Calculate v(31).
-182
Let u(m) = -m**3 + 14*m**2 + 176*m - 60. What is u(20)?
1060
Let r(m) = -83*m**3 - 2*m**2 + 1109*m + 1110. What is r(-1)?
82
Let u(y) = -4479*y - 1397442. Calculate u(-312).
6
Let g(w) = -18329*w + 476505. Give g(26).
-49
Let y(w) = 272*w**3 + 1593*w**2 - 2177*w - 5. Give y(-7).
-5
Let k(j) = -32*j**2 + 3743*j + 200. What is k(117)?
83
Let y(v) = 2106*v + 31568. Calculate y(-15).
-22
Let q(n) = -2*n**2 - 22414*n - 111969. Calculate q(-5).
51
Let v(h) = -h**2 - 13110*h - 157231. Calculate v(-12).
-55
Let t(w) = 3648*w + 113086. Calculate t(-31).
-2
Let r(w) = 4*w**3 + 149*w**2 + 840*w + 86. Determine r(-31).
-1929
Let n(u) = 11122*u + 144564. Give n(-13).
-22
Let i(k) = -2*k**2 + 4277*k - 1734817. What is i(544)?
-1
Let a(t) = 151*t**2 + 65*t - 58. Give a(-4).
2098
Let m(g) = g**3 + 196*g**2 + 78*g + 15271. What is m(-196)?
-17
Let t(i) = -5*i**3 - 8062*i**2 - 3534*i - 499730. Determine t(-1612).
-10
Let a(g) = 3209*g - 61036. What is a(19)?
-65
Let u(n) = 304*n + 239. Determine u(1).
543
Let l(r) = -12*r**2 - 221*r - 120. Determine l(-18).
-30
Let c(a) = -4*a**3 - 1607*a**2 - 7543*a + 21. Calculate c(-397).
21
Let a(j) = -9840*j - 649426. Calculate a(-66).
14
Let c(q) = -89117*q + 89113. What is c(1)?
-4
Let s(l) = l**2 + 420*l - 10258. Determine s(23).
-69
Let b(t) = -1985*t - 41806. Calculate b(-21).
-121
Let u(q) = q**2 + 114*q - 8289. What is u(50)?
-89
Let p(c) = 9*c**2 - 2482*c - 248358. Calculate p(-78).
-6
Let k(z) = -z**2 - 14317*z + 258034. Calculate k(18).
4
Let v(m) = -258*m + 3991. What is v(15)?
121
Let q(o) = 31*o**2 - 2450*o + 95. Determine q(79).
16
Let m(s) = s**3 - 32*s**2 - 5538*s - 1084. Calculate m(-60).
-4
Let c(s) = -333*s - 4216. Give c(-14).
446
Let f(c) = 99848*c - 2396349. What is f(24)?
3
Let v(o) = 2011*o - 1309095. Give v(651).
66
Let i(w) = -12*w**2 - 297*w + 33633. Calculate i(42).
-9
Let q(k) = -k**3 + 23*k**2 - 2573*k + 56136. What is q(22)?
14
Let x(o) = -119373*o - 1551788. Give x(-13).
61
Let h(s) = s**3 - 649*s**2 + 16182*s + 9958. Determine h(623).
-10
Let u(j) = -43742*j + 87929. Calculate u(2).
445
Let u(b) = 2*b**2 + 1034*b + 71432. Calculate u(-435).
92
Let w(h) = -h**3 - 54*h**2 - 300*h - 33. Calculate w(-6).
39
Let l(n) = -6*n**3 - 2885*n**2 - 25020*n - 1882. What is l(-472)?
6
Let d(o) = 2809*o - 640418. Give d(228).
34
Let c(f) = -f**3 - 20*f**2 + 312*f + 5781. Give c(-15).
-24
Let t(q) = -3961*q + 59521. Determine t(15).
106
Let s(p) = 3*p**3 - 313*p**2 + 1300*p - 91460. Determine s(103).
4
Let y(s) = -22*s**2 + 106*s + 9. What is y(6)?
-147
Let v(l) = -72*l - 8178. Determine v(-115).
102
Let c(r) = r**2 - 86*r - 9. Calculate c(0).
-9
Let k(y) = -8*y**3 + 91*y**2 + 1635*y - 18351. Determine k(11).
-3
Let b(x) = -x**3 + 53*x**2 + 2974*x - 142619. What is b(65)?
-9
Let u(i) = -i**2 + 147*i + 4133. Determine u(171).
29
Let u(t) = -11996*t + 971626. What is u(81)?
-50
Let a(o) = 2*o**3 - 180*o**2 + 2010*o - 541. Give a(77).
75
Let d(t) = -2*t**3 + 2*t**2 - 106*t + 497. Determine d(5).
-233
Let i(c) = -c**3 - 20*c**2 + 200*c - 201. Calculate i(14).
-4065
Let r(q) = q**3 - 27*q**2 - 63*q + 133. Determine r(29).
-12
Let y(w) = -252*w - 1944. What is y(-4)?
-936
Let d(j) = j**3 + 38*j**2 + 277*j - 1523. Calculate d(-19).
73
Let m(j) = 2076*j + 74681. Determine m(-36).
-55
Let r(p) = 13*p**3 - 403*p**2 - 16*p + 488. Give r(31).
-8
Let p(x) = 6611*x - 46288. Give p(7).
-11
Let z(y) = y**3 - 188*y**2 + 5799*y + 1794. Determine z(149).
6
Let z(m) = -171718*m - 1202069. Determine z(-7).
-43
Let m(o) = 127755*o - 1149804. What is m(9)?
-9
Let d(h) = -32*h**2 + 852*h + 26. Determine d(27).
-298
Let m(x) = 3*x**2 + 2241*x + 418188. Determine m(-363).
12
Let a(c) = -c**2 + 7495*c - 97259. Determine a(13).
7
Let p(u) = 245*u**2 - 1814*u + 709. Give p(7).
16
Let t(q) = -6407*q + 16396. Give t(2).
3582
Let x(y) = -717*y - 150519. Calculate x(-210).
51
Let k(p) = -p**3 - 120*p**2 + 363*p + 893. Calculate k(-123).
1631
Let h(l) = -58189*l + 116337. What is h(2)?
-41
Let g(c) = 62*c**2 - 84*c - 3. Give g(-3).
807
Let g(y) = y**3 - 126*y**2 - 247*y - 1368. What is g(128)?
-216
Let s(a) = -800*a - 296619. Determine s(-371).
181
Let g(q) = -1159014*q - 4636046. Calculate g(-4).
10
Let m(a) = -4*a**3 - 193*a**2 - 393*a - 14. Determine m(-2).
32
Let k(d) = -d**3 - 90*d**2 + 278*d - 94. What is k(-93)?
-1
Let g(b) = 20*b**3 - 477*b**2 + 402*b - 254. Give g(23).
-1
Let i(k) = k**3 + 183*k**2 + 974*k + 46176. Give i(-179).
-6
Let d(t) = t**2 + 48506*t - 3692234. What is d(76)?
-2
Let u(l) = 2891*l - 23139. Calculate u(8).
-11
Let t(s) = -14*s**2 - 18617*s + 206478. What is t(11)?
-3
Let z(l) = -2*l**2 + 132*l + 4585. What is z(91)?
35
Let k(l) = 11*l**2 + 69*l + 167. Give k(-14).
1357
Let g(t) = -t**3 - 102*t**2 + 2469*t - 579. Calculate g(20).
1
Let i(u) = 3*u**3 + 14*u**2 - 680*u - 4919. Calculate i(-7).
-502
Let q(b) = b**3 - 25*b**2 + 105*b - 1330. Give q(23).
27
Let z(v) = 11229*v - 404319. What is z(36)?
-75
Let g(y) = -y**3 - 101*y**2 - 1801*y - 195. Give g(-23).
-34
Let f(z) = -z**3 - 85*z**2 - 2597*z - 241075. Give f(-87).
2
Let a(c) = c**2 - 39*c - 18745. Calculate a(156).
-493
Let k(b) = 6*b**2 + 3615*b - 10888. Calculate k(3).
11
Let v(w) = -10*w**3 + 21*w**2 + 208*w + 166. Determine v(-3).
1
Let v(w) = w**2 + 88*w - 1588. Determine v(15).
-43
Let s(y) = -11*y**3 + 2033*y**2 - 1651*y - 843. Calculate s(184).
77
Let o(x) = 7267*x + 50983. Give o(-7).
114
Let y(w) = 2*w**2 - 128*w + 350. Give y(21).
-1456
Let w(y) = -12*y**2 - 235*y + 549. Calculate w(-21).
192
Let a(t) = -t**2 + 92706*t - 15915852. Determine a(172).
-4
Let d(x) = -2*x**2 - 531*x + 7236. Give d(13).
-5
Let v(k) = -203*k - 11274. Determine v(-55).
-109
Let i(a) = 6625*a + 17. Give i(0).
17
Let m(r) = 12701*r - 13183608. What is m(1038)?
30
Let u(f) = -171*f + 29912. What is u(163)?
2039
Let s(r) = -373*r + 96699. What is s(264)?
-1773
Let o(u) = -u**2 - 791*u + 44948. Calculate o(53).
216
Let j(x) = -2*x**3 + 26*x**2 + 42*x - 149. Calculate j(14).
47
Let b(d) = -92*d + 4056. Determine b(44).
8
Let c(a) = -18*a**2 + 651*a + 1. Give c(37).
-554
Let d(p) = -4023*p - 257421. Calculate d(-64).
51
Let y(j) = -80941*j + 323762. Give y(4).
-2
Let o(k) = k**2 + 601*k + 42915. Give o(-76).
3015
Let w(d) = 110*d**2 - 5833*d + 163. Determine w(53).
4
Let l(g) = 10*g**3 - 261*g**2 + 57*g - 644. What is l(26)?
162
Let s(q) = 3*q**3 - 35*q**2 + 25*q + 188. Calculate s(10).
-62
Let c(w) = 74*w + 355. Calculate c(-7).
-163
Let h(f) = -6*f**2 - 442*f - 3862. Calculate h(-10).
-42
Let v(d) = -38*d**2 + 5089*d + 291. Determine v(134).
-111
Let z(u) = -350*u - 7090. Calcula